 j = -7302 - -16752. List the prime factors of j.
2, 3, 5, 7
Let u = 3232 - 1216. Suppose -l - 3*q + 491 = -2*l, -4*l - u = q. Let x = -298 - l. List the prime factors of x.
5, 41
Let i(a) = 15*a**2 + 798*a - 177. List the prime factors of i(-64).
3, 43, 79
Let h be -5*-3*(-8)/(-60). Suppose 5*t = -h*s + 6*t + 2189, 0 = -4*t + 4. What are the prime factors of s?
3, 5, 73
Let a = 15040 - 9868. List the prime factors of a.
2, 3, 431
Suppose 0*h - 4*q + 104 = h, -193 = -2*h - 3*q. Let l = 8 + -53. Let d = l + h. List the prime factors of d.
47
Let f(n) = 7*n - 28. Let i be f(4). Suppose i = 6*g - g - 30. Suppose g*y = 7*y - 13. List the prime factors of y.
13
Let y be ((-2 - 0) + 0)/(6/(-99)). Let u = -22 + y. Suppose -u*r + 8*r = -198. List the prime factors of r.
2, 3, 11
Suppose 328 = 23*c + 18*c. Suppose -4*f + 2000 = -3*w + c*w, 4*f - 4*w - 1964 = 0. What are the prime factors of f?
3, 5, 11
Let y = 41850 + -7064. List the prime factors of y.
2, 17393
Suppose 0 = -a + 1, -7*t = -5*t - 4*a + 164. Suppose 2*g - 139 = -2*q + 343, 3*q - 743 = g. Let c = t + q. What are the prime factors of c?
2, 83
Let k(o) = -369*o + 1804. List the prime factors of k(-21).
41, 233
List the prime factors of 116991/14 - -4 - 9/6.
13, 643
Let h(j) = -j**3 + j**2 + 1. Let a(q) = -27*q**2 - 8*q + 61. Let r(v) = -a(v) - h(v). List the prime factors of r(-25).
3, 11
Suppose 32670 = 5*w + w. Suppose -8*s + w = s. List the prime factors of s.
5, 11
Let h = 206 - 207. List the prime factors of (-1 + h)*(-7 + 1215/(-10)).
257
Let t = 315 + -282. Suppose -215 = -7*r - t. What are the prime factors of r?
2, 13
Let r = 223 - 218. Suppose c - 1122 = -r*c. List the prime factors of c.
11, 17
Suppose -5*t + 4*a + 541 = 0, -a - 125 = -t + 4*a. Let q = t + -64. List the prime factors of q.
41
Let a(n) = n**2 - 7*n + 8. Let r be a(6). Suppose 0*y - 10337 = -63*y + 6421. Suppose 3*j = -5*s + 675, y = -0*s + 2*s + r*j. List the prime factors of s.
2, 3, 23
Suppose -62 + 1 = -4*g + 3*q, -5*g + 5*q = -80. Suppose 15*p + g*p = 14504. What are the prime factors of p?
2, 7, 37
Suppose -588022 = -26*m + 100342 - 9010. What are the prime factors of m?
17, 29, 53
Let a = -6120 + 7250. List the prime factors of a.
2, 5, 113
Let f(y) be the third derivative of 3/8*y**4 + 0 - 23*y**2 + 23/60*y**5 + 0*y - 5/2*y**3. List the prime factors of f(3).
3, 73
Let t = 611 - 367. Suppose -3*o + w - t = -1632, -3*o + 3*w + 1398 = 0. What are the prime factors of o?
461
Suppose -b + 5*f + 2663 = 0, 57*b - 5350 = 55*b + 4*f. List the prime factors of b.
2683
Suppose y = 5*c + 24567, 255*c - 256*c = -2*y + 49179. List the prime factors of y.
2, 29, 53
Suppose 31877 - 7861 = 4*q. What are the prime factors of q?
2, 19, 79
Suppose 0 = -22*n + 151 + 421. List the prime factors of (-1885)/n*(-8)/10.
2, 29
Let c(t) be the third derivative of t**5/12 + t**4/24 - t**3/3 + 15*t**2. Let a be c(1). Let h = a + 23. List the prime factors of h.
3
Suppose 2*z - 7*z - 75 = 5*w, w - 5 = 0. Let j be (24/z - 4) + (-1)/(-5). What are the prime factors of 3 - (-1 + 19*j)?
3, 11
Suppose 83*b + 33*b = 19*b + 6389002. What are the prime factors of b?
2, 32933
Suppose 0 = 3*j + 2*g - 13046, -j = 2*g + g - 4337. Suppose 26*k - j = 18*k. What are the prime factors of k?
2, 17
Suppose 11 = -z - 5*j - 9, 0 = z - 4*j - 25. Suppose z*x = -3*k + 87, -2*x + 3 = -x. What are the prime factors of 4 + k*(-10)/(-5)?
2, 13
Suppose -6 = 3*a + a + 2*p, 0 = 4*p + 4. Let z be (-16)/(-24) - a/3. What are the prime factors of (121 - 10) + z*4?
5, 23
Let h = 795 - -5768. What are the prime factors of h?
6563
Suppose -5*m - 5*o - 15 = 0, 8*m + 5 = 3*m - 3*o. Suppose -m*z + 698 - 140 = 0. What are the prime factors of z?
3, 31
Let o(m) be the third derivative of -m**4/8 - 11*m**3/6 + 93*m**2 - 11. Suppose 0 = 4*u - u + 21. List the prime factors of o(u).
2, 5
Suppose 0 = 102*c - 103*c + 89. Let x = c + 103. List the prime factors of x.
2, 3
Let r = 742 + -738. Suppose -3*y + 6*y = -3*w + 4365, 2*w = r*y + 2898. What are the prime factors of w?
1453
List the prime factors of (0 + (-39)/2)*(-41888)/48.
7, 11, 13, 17
Let q(u) = 52*u**2 - 43*u - 130. List the prime factors of q(-7).
2719
Let s = 22188 - 11473. List the prime factors of s.
5, 2143
Let c = 836 - -497. Let p = c - 743. What are the prime factors of p?
2, 5, 59
Let r(t) = 2*t - 50. Let i be r(30). Let n(j) = j**2 + 5*j - 39. Let c be n(i). What are the prime factors of (0 - c/(-15))/(11/55)?
37
Suppose -5*v + p = 5*p - 29, 5*p - 10 = -v. Suppose -3*x + 678 = 2*i, -v*x + 353 = i - 0*x. List the prime factors of i.
3, 37
Let v be ((-10)/6)/(7/(-21)). Suppose v*y + 32 = -3*y. What are the prime factors of (-603)/(-3)*(5 + y)?
3, 67
Let j(m) = 16760*m**3 - 4*m**2 + 9*m - 6. List the prime factors of j(1).
16759
Suppose 5*c + 44 - 14 = 0. What are the prime factors of 712/1 - (-3)/(-6)*c?
5, 11, 13
Let j = -19904 + 36330. What are the prime factors of j?
2, 43, 191
Suppose -s = -5*z - 50, 0 = -s + z + 30 + 40. Suppose -77*c + 2 = -s*c. List the prime factors of 0 + (c*16)/((-6)/(-66)).
2, 11
Let t be (-1 - 93/6) + 4/8. Let q be t/(-28) + (-520)/28. Let s = q + 156. List the prime factors of s.
2, 3, 23
Suppose -11*b = -4*d - 13*b + 49774, -12466 = -d + 4*b. List the prime factors of d.
2, 7, 127
Let a = -37 + 50. Suppose -11*f - 2*f = -a. What are the prime factors of (-1)/(f/((0 - 1) + -2))?
3
Let w = 2333 - -17905. What are the prime factors of w?
2, 3, 3373
Suppose -40*y - 18157 + 70277 = 0. What are the prime factors of y?
1303
Let v = 139 - 67. Suppose 1026 = 3*w + v. What are the prime factors of w?
2, 3, 53
Let k = 1309 - 1307. Suppose -3*n - 2*l = -6*n - 11, 0 = -n - 3*l + 11. What are the prime factors of ((-1572)/3)/(4*n/k)?
2, 131
Let y = 2344 - -8538. What are the prime factors of y?
2, 5441
Let s be -128 - (-4 + (-8)/(-4)). Let a = 293 + -514. Let u = s - a. List the prime factors of u.
5, 19
Let t = 179 - 146. Suppose 25*r = t*r - 2656. List the prime factors of r.
2, 83
What are the prime factors of (-7028 - -14)/(-7)*11?
2, 3, 11, 167
Let y be (5 - -7)*(-339)/12*-2. Suppose 90*t = 87*t + y. What are the prime factors of t?
2, 113
Suppose 5*y = 3*o - 687, 4*y = y. Let q = o + -223. List the prime factors of q.
2, 3
Let o = -196 - -192. What are the prime factors of o - (-1)/(8/5736)?
23, 31
Let v = -159 + 276. Suppose r + 2949 + v = 2*a, a - 1519 = 4*r. List the prime factors of a.
5, 307
Suppose 0 = 93994*b - 93986*b - 288856. What are the prime factors of b?
36107
Suppose -38*m = -0*m + 41*m - 4626477. What are the prime factors of m?
3, 241
Suppose j - 3 = -2*z, -12*j + 107 - 137 = 2*z. Let b be (0 - -10)*(-24)/(-3). Suppose -4*o + z*o = -b. What are the prime factors of o?
2, 5
Let x = 451 + -164. Let h = x + -100. Let g = h + -105. List the prime factors of g.
2, 41
Suppose 194801 = 5*c - 154*b + 150*b, 4*c - 2*b = 155842. List the prime factors of c.
3, 13, 37
Let x = 16459 - 9417. What are the prime factors of x?
2, 7, 503
Suppose 4*c - 116092 = -2*i, 4*c - 116082 = -2*i + 5*i. What are the prime factors of c?
2, 3, 7, 691
Suppose -4*l - 16154 = -f + 17351, -2*f - 5*l = -67010. What are the prime factors of f?
5, 6701
Suppose -2*l - 15 = -l - 3*b, 4*l + 4*b + 28 = 0. Let x(v) = -64*v - 166. List the prime factors of x(l).
2, 5, 41
Let s(o) = o**3 - 16*o**2 + 40*o - 129. List the prime factors of s(15).
2, 3, 41
Suppose 5 - 1 = -2*i, 0 = 2*t - i - 1162. Suppose 2*k = 3*k - t. List the prime factors of k.
2, 5, 29
Let z be 4*307/(-4)*-5. Suppose a + 2*n + z = 6*a, 4*n = -4*a + 1256. What are the prime factors of a?
3, 103
Suppose -l + 3988 = -2*x - 86, -2*x + 4074 = l. What are the prime factors of l?
2, 3, 7, 97
Let f = -5 + 4. List the prime factors of f/(((-10)/478)/5).
239
Let s be (22/8 - 2/8)*570. Suppose -5*a = p - 1805, -a = 3*a - 3*p - s. What are the prime factors of a?
2, 3, 5
Let s = -442 + 446. List the prime factors of s + -2 - 17864/(-29).
2, 3, 103
Let z = 79 + -71. Suppose 3*r - 4*u = -z - 0, 2*r + 5*u - 33 = 0. Suppose -t + 316 = r*x, 3*x - 5*t - 4 = 233. List the prime factors of x.
79
List the prime factors of ((-1047583)/(-846) + (-2)/(-9))/(3/126).
3, 7, 2477
Let l be (-7)/(28/(-10)) - (-1)/2. List the prime factors of (9/l)/(2/194).
3, 97
Let y(g) be